{"id":4059,"date":"2022-12-08T18:23:14","date_gmt":"2022-12-08T18:23:14","guid":{"rendered":"https:\/\/grupoabaco.com.br\/site\/?page_id=4059"},"modified":"2022-12-08T19:08:07","modified_gmt":"2022-12-08T19:08:07","slug":"pr-para-raios","status":"publish","type":"page","link":"https:\/\/grupoabaco.com.br\/site\/pr-para-raios\/","title":{"rendered":"PR PARA-RAIOS"},"content":{"rendered":"<p>[vc_row full_width=&#8221;stretch_row&#8221; overlay=&#8221;rgba(255,255,255,0.5)&#8221; css=&#8221;.vc_custom_1670526289482{background-image: url(https:\/\/grupoabaco.com.br\/site\/wp-content\/uploads\/2022\/12\/pararaios2.jpg?id=4082) !important;background-position: center !important;background-repeat: no-repeat !important;background-size: cover !important;}&#8221;][vc_column css=&#8221;.vc_custom_1670525360632{padding-top: 150px !important;padding-bottom: 100px !important;}&#8221;][vc_single_image image=&#8221;4064&#8243; img_size=&#8221;full&#8221; alignment=&#8221;center&#8221;][\/vc_column][\/vc_row][vc_row css=&#8221;.vc_custom_1670526370056{padding-top: 50px !important;padding-bottom: 50px !important;}&#8221;][vc_column width=&#8221;1\/2&#8243;][vc_column_text]O setor de PARA-RAIOS do Grupo \u00c1baco est\u00e1 no mercado mineiro h\u00e1 mais de 27 anos, com vendas, projetos, manuten\u00e7\u00f5es e instala\u00e7\u00f5es de SPDA (Sistemas de Prote\u00e7\u00e3o Contra Descargas Atmosf\u00e9ricas), os conhecidos \u00abpara-raios\u00bb. Somos reconhecidos como prestadores de servi\u00e7os de compet\u00eancia e qualidade t\u00e9cnica, comprovadas por Certid\u00f5es de Acervo T\u00e9cnico (CAT), emitidas pelo Conselho Regional de Engenharia e Agronomia \u2013 CREA\/MG.<\/p>\n<p>A equipe \u00c1baco \u00e9 capacitada para atender aos mais altos padr\u00f5es de instala\u00e7\u00f5es requisitados pelo mercado, atendendo petroqu\u00edmicas, aeroportos, emissoras, ind\u00fastrias, shoppings, hospitais, condom\u00ednios, resid\u00eancias, edif\u00edcios comerciais, edif\u00edcios residenciais, conjuntos arquitet\u00f4nicos em geral e patrim\u00f4nio tombado.<\/p>\n<h5>Servi\u00e7os<\/h5>\n<p>Servi\u00e7os prestados pelo setor PARA-RAIOS do Grupo \u00c1baco:<\/p>\n<p>\u2013 Laudos T\u00e9cnicos ART e adequa\u00e7\u00e3o ABNT NBR 5419:2005, NR10 (Minist\u00e9rio do Trabalho).<br \/>\n\u2013 Projetos de SPDA com ART CREA.<br \/>\n\u2013 Instala\u00e7\u00e3o de SPDA de acordo com o projeto.<br \/>\n\u2013 Adequa\u00e7\u00e3o de SPDA existente conforme ABNT NBR 5419:2005.<br \/>\n\u2013 Para-Raios Estrutural com Barra Re-Bar e An\u00e9is Perimetrais.<br \/>\n\u2013 Levantamento, An\u00e1lises, Laudos e RTF (Relat\u00f3rio T\u00e9cnico Fotogr\u00e1fico) de Para-Raios em todo o territ\u00f3rio nacional.<br \/>\n\u2013 Manuten\u00e7\u00e3o de SPDA existente.<br \/>\n\u2013 Ensaios e testes como Continuidade el\u00e9trica de condutores, ensaio da continuidade das armaduras e resist\u00eancia \u00f4hmica do aterramento.<br \/>\n\u2013 Venda de materiais para SPDA.[\/vc_column_text][\/vc_column][vc_column width=&#8221;1\/2&#8243;][vc_column_text]<\/p>\n<h5>Sobre Para-Raios<\/h5>\n<p>Quem exige e fiscaliza? Minist\u00e9rio do Trabalho, Prefeituras, Corpo de Bombeiros, Seguradoras e Setor Judicial Respons\u00e1vel.<br \/>\nConforme determinam as Normas ABNT NBR 5419:2005 SPDA (Sistema de Prote\u00e7\u00e3o Contra Descargas Atmosf\u00e9ricas) \u2013 Para-Raios, ABNT NBR 5410:2005 Aterramento e a Lei 11.337, o Para-Raios \u00e9 um elemento indispens\u00e1vel \u00e0 seguran\u00e7a e preven\u00e7\u00e3o contra descargas atmosf\u00e9ricas de uso obrigat\u00f3rio, oferecendo um percentual de at\u00e9 90% de prote\u00e7\u00e3o para estruturas, edifica\u00e7\u00f5es e seu conte\u00fado.<\/p>\n<p>Para \u201cprote\u00e7\u00e3o de equipamentos eletroeletr\u00f4nicos \u00e9 recomendado complementar o SPDA com protetor eletr\u00f4nico espec\u00edfico, o DPS (Dispositivo de Prote\u00e7\u00e3o contra Surtos) conforme pot\u00eancia das cargas e tipo (aparelhos eletroeletr\u00f4nicos), o que dever\u00e1 ser dimensionado antecipadamente, obtendo-se assim melhor n\u00edvel de prote\u00e7\u00e3o\u201d.<br \/>\nN\u00e3o obstante, de acordo com as Normas e ou Lei vigentes (C\u00f3digo Civil), a omiss\u00e3o, desconhecimento, inexist\u00eancia ou desconformidade com as mesmas, n\u00e3o isenta o propriet\u00e1rio, s\u00edndico, gerente ou preposto de sua responsabilidade civil e criminal pelos danos materiais e ou f\u00edsicos causados ao patrim\u00f4nio e ou seus ocupantes.<\/p>\n<p>Lembre-se \u201cUm Raio destr\u00f3i em um segundo o que voc\u00ea levou anos para construir\u201d.<br \/>\nO setor PA Para-Raios \u00e9 Gerenciado pelo Ge\u00f3grafo, especialista em trabalhos de altura, especialista em SPDA e MBA em Gerenciamento de Projetos pela FGV, Bruno Guimar\u00e3es Berbari.[\/vc_column_text][\/vc_column][\/vc_row][vc_row equal_height=&#8221;yes&#8221; content_placement=&#8221;middle&#8221; enable_parallax=&#8221;yes&#8221; css=&#8221;.vc_custom_1580721032455{padding-top: 50px !important;padding-bottom: 50px !important;background-image: url(http:\/\/demo2.steelthemes.com\/induscity\/wp-content\/uploads\/sites\/9\/2020\/02\/action-bg-1.jpg?id=3888) !important;}&#8221;][vc_column offset=&#8221;vc_col-lg-9 vc_col-md-8&#8243;][vc_custom_heading text=&#8221;Quer uma parceria de resultados e eficiente para sua empresa? Fale com a gente.&#8221; font_container=&#8221;tag:h2|font_size:20|text_align:left&#8221; use_theme_fonts=&#8221;yes&#8221; el_class=&#8221;fw-medium main-color&#8221; css=&#8221;.vc_custom_1670521313770{margin-top: 0px !important;margin-bottom: 0px !important;}&#8221;]<div class=\"mf-empty-space \" style=\"\"><div class=\"mf_empty_space_lg\" ><\/div><div class=\"mf_empty_space_md\" ><\/div><div class=\"mf_empty_space_xs\"  style=\"height: 30px\"><\/div><\/div>[\/vc_column][vc_column offset=&#8221;vc_col-lg-3 vc_col-md-4&#8243;]<div class=\"mf-button align-right style-1 \"><a class=\"button mf-btn\" href=\"\/contato\" target=\"_blank\">Fale Conosco<\/a><\/div>[\/vc_column][\/vc_row]<\/p>\n","protected":false},"excerpt":{"rendered":"<p>[vc_row full_width=&#8221;stretch_row&#8221; overlay=&#8221;rgba(255,255,255,0.5)&#8221; css=&#8221;.vc_custom_1670526289482{background-image: url(https:\/\/grupoabaco.com.br\/site\/wp-content\/uploads\/2022\/12\/pararaios2.jpg?id=4082) !important;background-position: center !important;background-repeat: no-repeat !important;background-size: cover !important;}&#8221;][vc_column css=&#8221;.vc_custom_1670525360632{padding-top: 150px !important;padding-bottom: 100px !important;}&#8221;][vc_single_image image=&#8221;4064&#8243; img_size=&#8221;full&#8221; alignment=&#8221;center&#8221;][\/vc_column][\/vc_row][vc_row css=&#8221;.vc_custom_1670526370056{padding-top: 50px !important;padding-bottom: 50px !important;}&#8221;][vc_column width=&#8221;1\/2&#8243;][vc_column_text]O setor de PARA-RAIOS do Grupo \u00c1baco est\u00e1 no mercado mineiro h\u00e1 mais de 27 anos, com vendas, projetos, manuten\u00e7\u00f5es e instala\u00e7\u00f5es de SPDA (Sistemas de Prote\u00e7\u00e3o Contra Descargas Atmosf\u00e9ricas), [&hellip;]<\/p>\n","protected":false},"author":1,"featured_media":0,"parent":0,"menu_order":0,"comment_status":"closed","ping_status":"closed","template":"template-fullwidth.php","meta":[],"_links":{"self":[{"href":"https:\/\/grupoabaco.com.br\/site\/wp-json\/wp\/v2\/pages\/4059"}],"collection":[{"href":"https:\/\/grupoabaco.com.br\/site\/wp-json\/wp\/v2\/pages"}],"about":[{"href":"https:\/\/grupoabaco.com.br\/site\/wp-json\/wp\/v2\/types\/page"}],"author":[{"embeddable":true,"href":"https:\/\/grupoabaco.com.br\/site\/wp-json\/wp\/v2\/users\/1"}],"replies":[{"embeddable":true,"href":"https:\/\/grupoabaco.com.br\/site\/wp-json\/wp\/v2\/comments?post=4059"}],"version-history":[{"count":18,"href":"https:\/\/grupoabaco.com.br\/site\/wp-json\/wp\/v2\/pages\/4059\/revisions"}],"predecessor-version":[{"id":4087,"href":"https:\/\/grupoabaco.com.br\/site\/wp-json\/wp\/v2\/pages\/4059\/revisions\/4087"}],"wp:attachment":[{"href":"https:\/\/grupoabaco.com.br\/site\/wp-json\/wp\/v2\/media?parent=4059"}],"curies":[{"name":"wp","href":"https:\/\/api.w.org\/{rel}","templated":true}]}}

<p>[vc_row full_width=&#8221;stretch_row&#8221; overlay=&#8221;rgba(255,255,255,0.5)&#8221; css=&#8221;.vc_custom_1670526289482{background-image: url(https://grupoabaco.com.br/site/wp-content/uploads/2022/12/pararaios2.jpg?id=4082) !important;background-position: center !important;background-repeat: no-repeat !important;background-size: cover !important;}&#8221;][vc_column css=&#8221;.vc_custom_1670525360632{padding-top: 150px !important;padding-bottom: 100px !important;}&#8221;][vc_single_image image=&#8221;4064&#8243; img_size=&#8221;full&#8221; alignment=&#8221;center&#8221;][/vc_column][/vc_row][vc_row css=&#8221;.vc_custom_1670526370056{padding-top: 50px !important;padding-bottom: 50px !important;}&#8221;][vc_column width=&#8221;1/2&#8243;][vc_column_text]O setor de PARA-RAIOS do Grupo Ábaco está no mercado mineiro há mais de 27 anos, com vendas, projetos, manutenções e instalações de SPDA (Sistemas de Proteção Contra Descargas Atmosféricas), os conhecidos «para-raios». Somos reconhecidos como prestadores de serviços de competência e qualidade técnica, comprovadas por Certidões de Acervo Técnico (CAT), emitidas pelo Conselho Regional de Engenharia e Agronomia – CREA/MG.</p>
<p>A equipe Ábaco é capacitada para atender aos mais altos padrões de instalações requisitados pelo mercado, atendendo petroquímicas, aeroportos, emissoras, indústrias, shoppings, hospitais, condomínios, residências, edifícios comerciais, edifícios residenciais, conjuntos arquitetônicos em geral e patrimônio tombado.</p>
<h5>Serviços</h5>
<p>Serviços prestados pelo setor PARA-RAIOS do Grupo Ábaco:</p>
<p>– Laudos Técnicos ART e adequação ABNT NBR 5419:2005, NR10 (Ministério do Trabalho).<br />
– Projetos de SPDA com ART CREA.<br />
– Instalação de SPDA de acordo com o projeto.<br />
– Adequação de SPDA existente conforme ABNT NBR 5419:2005.<br />
– Para-Raios Estrutural com Barra Re-Bar e Anéis Perimetrais.<br />
– Levantamento, Análises, Laudos e RTF (Relatório Técnico Fotográfico) de Para-Raios em todo o território nacional.<br />
– Manutenção de SPDA existente.<br />
– Ensaios e testes como Continuidade elétrica de condutores, ensaio da continuidade das armaduras e resistência ôhmica do aterramento.<br />
– Venda de materiais para SPDA.[/vc_column_text][/vc_column][vc_column width=&#8221;1/2&#8243;][vc_column_text]</p>
<h5>Sobre Para-Raios</h5>
<p>Quem exige e fiscaliza? Ministério do Trabalho, Prefeituras, Corpo de Bombeiros, Seguradoras e Setor Judicial Responsável.<br />
Conforme determinam as Normas ABNT NBR 5419:2005 SPDA (Sistema de Proteção Contra Descargas Atmosféricas) – Para-Raios, ABNT NBR 5410:2005 Aterramento e a Lei 11.337, o Para-Raios é um elemento indispensável à segurança e prevenção contra descargas atmosféricas de uso obrigatório, oferecendo um percentual de até 90% de proteção para estruturas, edificações e seu conteúdo.</p>
<p>Para “proteção de equipamentos eletroeletrônicos é recomendado complementar o SPDA com protetor eletrônico específico, o DPS (Dispositivo de Proteção contra Surtos) conforme potência das cargas e tipo (aparelhos eletroeletrônicos), o que deverá ser dimensionado antecipadamente, obtendo-se assim melhor nível de proteção”.<br />
Não obstante, de acordo com as Normas e ou Lei vigentes (Código Civil), a omissão, desconhecimento, inexistência ou desconformidade com as mesmas, não isenta o proprietário, síndico, gerente ou preposto de sua responsabilidade civil e criminal pelos danos materiais e ou físicos causados ao patrimônio e ou seus ocupantes.</p>
<p>Lembre-se “Um Raio destrói em um segundo o que você levou anos para construir”.<br />
O setor PA Para-Raios é Gerenciado pelo Geógrafo, especialista em trabalhos de altura, especialista em SPDA e MBA em Gerenciamento de Projetos pela FGV, Bruno Guimarães Berbari.[/vc_column_text][/vc_column][/vc_row][vc_row equal_height=&#8221;yes&#8221; content_placement=&#8221;middle&#8221; enable_parallax=&#8221;yes&#8221; css=&#8221;.vc_custom_1580721032455{padding-top: 50px !important;padding-bottom: 50px !important;background-image: url(http://demo2.steelthemes.com/induscity/wp-content/uploads/sites/9/2020/02/action-bg-1.jpg?id=3888) !important;}&#8221;][vc_column offset=&#8221;vc_col-lg-9 vc_col-md-8&#8243;][vc_custom_heading text=&#8221;Quer uma parceria de resultados e eficiente para sua empresa? Fale com a gente.&#8221; font_container=&#8221;tag:h2|font_size:20|text_align:left&#8221; use_theme_fonts=&#8221;yes&#8221; el_class=&#8221;fw-medium main-color&#8221; css=&#8221;.vc_custom_1670521313770{margin-top: 0px !important;margin-bottom: 0px !important;}&#8221;]<div class="mf-empty-space " style=""><div class="mf_empty_space_lg" ></div><div class="mf_empty_space_md" ></div><div class="mf_empty_space_xs"  style="height: 30px"></div></div>[/vc_column][vc_column offset=&#8221;vc_col-lg-3 vc_col-md-4&#8243;]<div class="mf-button align-right style-1 "><a class="button mf-btn" href="/contato" target="_blank">Fale Conosco</a></div>[/vc_column][/vc_row]</p>

<p>[vc_row full_width=&#8221;stretch_row&#8221; overlay=&#8221;rgba(255,255,255,0.5)&#8221; css=&#8221;.vc_custom_1670526289482{background-image: url(https://grupoabaco.com.br/site/wp-content/uploads/2022/12/pararaios2.jpg?id=4082) !important;background-position: center !important;background-repeat: no-repeat !important;background-size: cover !important;}&#8221;][vc_column css=&#8221;.vc_custom_1670525360632{padding-top: 150px !important;padding-bottom: 100px !important;}&#8221;][vc_single_image image=&#8221;4064&#8243; img_size=&#8221;full&#8221; alignment=&#8221;center&#8221;][/vc_column][/vc_row][vc_row css=&#8221;.vc_custom_1670526370056{padding-top: 50px !important;padding-bottom: 50px !important;}&#8221;][vc_column width=&#8221;1/2&#8243;][vc_column_text]O setor de PARA-RAIOS do Grupo Ábaco está no mercado mineiro há mais de 27 anos, com vendas, projetos, manutenções e instalações de SPDA (Sistemas de Proteção Contra Descargas Atmosféricas), [&hellip;]</p>
